e the remainder when x is divided by 9.
6
Suppose -58 = 3*u + 4*t, -u + 3*t - 58 = 4*u. Let k = u - -34. Calculate the remainder when 59 is divided by k.
19
Suppose 94 = 5*r + 4. Calculate the remainder when 69 is divided by r.
15
Let k be 6/12 + 10/4. What is the remainder when 23 is divided by 4*(k - (-2 - -2))?
11
Calculate the remainder when 34 is divided by (12/(-7))/(8/(-84)).
16
Suppose -t - 2*w = -37, 3*w = 7*w - 4. Suppose 4*v - v - 4*s = t, -2*s + 28 = 2*v. Calculate the remainder when v is divided by 8.
5
Suppose -2*q = -18 - 8. What is the remainder when 23 is divided by q?
10
Let g(o) = -o**2 - 16*o - 37. Let c = -17 - -24. What is the remainder when g(-11) is divided by c?
4
Let p = 52 - 83. Let f = 1 - p. Calculate the remainder when f is divided by 11.
10
Let k(z) = -4 - 3*z**2 - 3*z**2 + 3*z + 6*z**2 + z**2. What is the remainder when 27 is divided by k(-6)?
13
Let y(a) = -6*a**3 - 9*a**2 + 2*a + 11. Let j(l) = 5*l**3 + 9*l**2 - 3*l - 10. Let q(z) = 7*j(z) + 6*y(z). Calculate the remainder when q(7) is divided by 11.
9
Let a = 16 - 15. Calculate the remainder when 2 is divided by a.
0
Let o(w) be the third derivative of -w**4/24 + 2*w**3/3 - 3*w**2. Let a(v) = 2*v**2 + v - 1. Calculate the remainder when o(-5) is divided by a(-2).
4
Let t(h) = -h**2 - 12*h + 7. What is the remainder when t(-9) is divided by 18?
16
Suppose 3*l - 2*l + 5*w = 26, 0 = 3*l + 3*w - 66. What is the remainder when l is divided by 5?
1
Let l(a) = 4*a**3 - 3*a**2 + a + 1. Calculate the remainder when 43 is divided by l(2).
20
Let g(j) = -19*j - 8. What is the remainder when g(-5) is divided by 22?
21
Suppose -4*p - 2*m = -4*m + 4, 3*p + 5*m = 10. Suppose o - 23 = -p*o. What is the remainder when 67 is divided by o?
21
Suppose i + 3 - 7 = 5*j, 2*j = -i + 18. What is the remainder when (2/2)/(1/i) is divided by 5?
4
Let r(s) = -s**3 + 10*s**2 - 8*s + 1. Calculate the remainder when 17 is divided by r(9).
7
Suppose -2*i + 274 = 3*i + 2*a, 2*a - 106 = -2*i. What is the remainder when i is divided by 15?
11
Let v = 49 + -42. What is the remainder when v is divided by 5?
2
Suppose 8 = 4*s - 52. What is the remainder when 101 is divided by s?
11
Suppose -5*j + 0 = -10. Suppose -j*c + 4 + 68 = 0. Calculate the remainder when 71 is divided by c.
35
Calculate the remainder when (-4)/(-10) - (-1044)/15 is divided by 18.
16
Suppose i - 2*i = -5. Calculate the remainder when 73 is divided by i.
3
Let x = -10 + 103. Let u(h) = 2*h**2 - 3*h + 4. Calculate the remainder when x is divided by u(4).
21
Let r = -1 - 2. What is the remainder when 31 is divided by (-1)/r*(28 - -5)?
9
Suppose 3*r + 2*i = 18, -2*r - 3*i = -7*r + 49. What is the remainder when 20 is divided by r?
4
Let m(u) = 2 - 6*u + 2*u + u. What is the remainder when m(-2) is divided by 5?
3
Let i(p) = p**2 - 7*p - 9. Calculate the remainder when i(-2) is divided by 5.
4
Suppose 17 = 4*g + 3*j, -2*g + 5*j + 15 = -0. Let u(k) = 18*k**2. Calculate the remainder when u(-1) is divided by g.
3
Suppose -4*j + 2 = -126. What is the remainder when j is divided by 4?
0
Let y = 28 + -18. Calculate the remainder when 26 is divided by y/(-20) - (-58)/4.
12
Let r = 86 + -127. Let k = r + 60. Calculate the remainder when 36 is divided by k.
17
Let q be ((-2)/4)/((-4)/144). What is the remainder when (-208)/(-36) + 4/q is divided by (-22)/(-5) - (-2)/(-5)?
2
Suppose 0 = -4*f + j - 15 + 234, 0 = -5*f - 4*j + 258. What is the remainder when f is divided by 14?
12
Let b(x) = x**3 + x**2 + 42. Let q be b(0). Let n = -20 + q. Calculate the remainder when 64 is divided by n.
20
Suppose 85 = 2*d - q, 5*d - 220 = -0*q + 5*q. Let b = -18 - -32. Calculate the remainder when d is divided by b.
13
Suppose -q + 5 = -0*q. Suppose -3*j - 1 = h - 2, -q*h - 5*j = -45. What is the remainder when h is divided by (0 - 2/4)*-10?
3
Let f(i) = i + 1. Let t be f(2). Suppose 2*v + m = 5, -t*v = -2*m + 2 + 8. Suppose -2*d + 28 - 2 = v. Calculate the remainder when 50 is divided by d.
11
Let d = 81 + -25. Let g = 118 - d. What is the remainder when g is divided by 21?
20
Let f(q) = -q**2 - 15*q - 7. Suppose 2*a = -5 - 11. What is the remainder when f(a) is divided by 17?
15
Let r = 86 - 33. Calculate the remainder when r is divided by 5.
3
Let x(z) = -2*z - 5. Calculate the remainder when -3*(-2)/(-8) - 120/(-32) is divided by x(-4).
0
Let w = -7 + 47. What is the remainder when w is divided by 7?
5
Let o = 4 - 2. Suppose 5*v - 42 = o*v. Let p(j) = -20*j. Calculate the remainder when p(-2) is divided by v.
12
Suppose -13*r = -7*r - 90. What is the remainder when 118 is divided by r?
13
Let q(c) = c**3 - 5*c + 4. Let z(m) = m**3 + 6*m**2 + 4*m - 2. Let x be z(-5). Calculate the remainder when (-6)/(-33) - (-678)/22 is divided by q(x).
15
Let i(b) = -b**3 - b**2 + 2*b + 1. Let g be i(-2). Let j = 2 + g. What is the remainder when 4 is divided by j?
1
Let g(j) = -j**3 - 7*j**2 - j - 7. Let p be g(-7). Suppose 5*o - 4*o = p. Calculate the remainder when 41 is divided by o - 1 - (4 - 26).
20
Let b(n) = n**2 + 7*n - 5. Suppose 0 = -5*o + 4*l + 80, -l + 25 = -3*o + 4*o. What is the remainder when b(-11) is divided by o?
19
Let l be (1 - -7)*9/2. Suppose -5*x = 20, -5*x = -5*t + 3*t + l. What is the remainder when t is divided by ((-3)/6)/(1/(-6))?
2
Let b = 69 - 19. Suppose 0 = -4*g - 2*s + 5*s + 59, 5*g - b = -s. Let k = 1 + 5. Calculate the remainder when g is divided by k.
5
Suppose -6*x + 11 + 127 = 0. What is the remainder when 41 is divided by x?
18
Let d = -352 + 356. Calculate the remainder when 3/((-6)/14)*-1 is divided by d.
3
Suppose h = -5*x + 107, -6*h + 5*h + 131 = -x. What is the remainder when h is divided by 32?
31
Let x be (2 + 13 + -2)*-3. Let q = -22 - x. Calculate the remainder when 50 is divided by q.
16
Let f(w) = -3*w + 5. Let i be f(-7). Let s = i - 20. Calculate the remainder when 17 is divided by s.
5
Let i = 18 - 8. What is the remainder when 27 is divided by i?
7
Let a = -7 - -7. Calculate the remainder when 19 + 1 + a/(-2) is divided by 7.
6
Let q(f) = f**3 - 10*f**2 + 13*f + 3. What is the remainder when q(9) is divided by 14?
11
Let w = -8 - -17. Let j(k) = 15*k**2 + 1. Suppose -1 = -4*t - 3*y, -5*t + y + 6 = -0*y. What is the remainder when j(t) is divided by w?
7
Suppose 2*y - v = 10, 6*y - 3*y + 2*v - 1 = 0. Let b be 10 - 3 - 6/y. Suppose 3*r + r - 80 = 2*j, -b*j + 10 = 0. Calculate the remainder when r is divided by 8.
5
Let q = 24 + -15. Suppose 3*v = -4*r + 16 + 13, r = -3*v + 14. Calculate the remainder when q is divided by r.
4
Suppose -5*d + 93 = -f, 3*f - 89 = -5*d + 6*f. What is the remainder when d is divided by 5?
4
Let h = -37 + 72. Suppose 4*n = -9*j + 4*j + 65, 4*n - h = j. What is the remainder when 2/(-3)*174/(-4) is divided by n?
9
Let d(s) = -s**3 + 7*s**2 - 5*s - 4. Let g be d(6). Suppose -5*f + 3*h = -g*h - 125, 107 = 5*f + h. What is the remainder when 43 is divided by f?
21
Let y be ((-2)/(-6))/(4/36). Suppose 0 = -4*h - y*f + 8*f - 1, -2 = -h - f. Let p(r) = 23*r. What is the remainder when 45 is divided by p(h)?
22
Suppose -q + 2*q = 5. Let g = 8 + 5. What is the remainder when g is divided by q?
3
Let i(u) = 2*u**2 + 10*u - 6. Let z = 32 - 21. What is the remainder when i(-8) is divided by z?
9
Let m(n) = -n**2 - 8*n - 12. Calculate the remainder when 10 is divided by m(-5).
1
Suppose -5*s + 114 = 4*m - 117, 0 = -5*s - 25. Calculate the remainder when m is divided by (-8)/(-12) - ((-256)/(-6))/(-2).
20
Let j = -30 - -59. What is the remainder when j is divided by 10?
9
Suppose 0 + 4 = s + 4*x, 2*x + 86 = 5*s. What is the remainder when s is divided by 11?
5
Suppose -1 + 29 = x. What is the remainder when 53 is divided by x?
25
Let u = -11 - -18. Let y(h) = -h**2 + 20. Calculate the remainder when y(0) is divided by u.
6
Suppose -3*q + 4 = 4*j, 4*j + 0 - 4 = q. Let f = 14 + q. Calculate the remainder when f is divided by 5.
4
Suppose 0 = 2*f - 3*f + 19. Suppose 0 = -b - b - 18. What is the remainder when 36/8*(-1 - b) is divided by f?
17
Let t(q) = -q - 3. Let l be t(-5). Suppose -l = -2*u + 2. Suppose -u*k + 7 - 1 = 0. What is the remainder when 8 is divided by k?
2
Suppose 4 = 4*q - 16. Suppose -s - 2*c = 0, s - 4*c = 1 + q. Suppose -3*n + 19 = -0*b + s*b, 4*n - b - 29 = 0. Calculate the rem